11 + z. Give h(m).
3
Let f be 24/15 - (-4)/10. Let q(g) = -6*g + 0*g**2 + g**2 + f*g**2 - 3 - 2*g**2. Calculate q(5).
-8
Suppose -x - 2 = 2*g + 2, -3*x + g = 47. Let l = 19 + x. Let n(c) = -5 + 0*c + c**2 - 4*c + 0. Give n(l).
0
Let j(z) be the third derivative of z**6/360 - z**5/40 + z**4/8 - z**2. Let b(o) be the second derivative of j(o). Determine b(4).
5
Let a = 30 + -30. Let o(d) be the third derivative of -2*d**2 - 2/15*d**5 + 0 - 1/12*d**4 + a*d - 1/6*d**3. Calculate o(-1).
-7
Let k(d) = 3*d**3 + 5*d**2 - 3 - 2*d**3 - 2*d**2. Let r(t) = t - 8. Let v be r(5). Determine k(v).
-3
Suppose -4*k = 4*o + 12, 6*o - o + 21 = -2*k. Let u(r) = r**2 + 33*r - 40*r + 4 - k. Determine u(5).
-8
Let o(m) = -3*m**3 + 9*m**2 + 3*m - 5. Let a(i) = -4*i**3 + 10*i**2 + 4*i - 6. Let w(z) = 2*a(z) - 3*o(z). Give w(7).
-4
Let w(r) = 4*r**3 + 2*r. Let z(d) = -d**2 - d. Let f(i) = w(i) + z(i). Determine f(1).
4
Let i(j) = 8*j - 1. Suppose -3*p - 4 = -1. Let d = p + 5. Suppose -3*z + d*z + 14 = -3*m, -3*z + 5*m = -28. Determine i(z).
7
Let d(j) = -j**3 + j + 1. Let t(o) = 3*o**3 - 2*o**2 - 2*o - 3. Let u(c) = -5*d(c) - t(c). Give u(-2).
-4
Suppose 0 = 3*d + 30 - 0. Let t(a) = -7*a - 2. Let f(l) = -3*l - 1. Let m(n) = d*f(n) + 4*t(n). Determine m(-3).
-4
Let y(w) = -w + 16. Suppose 4*t = 5*q + 6 - 14, 2*q + 5*t + 10 = 0. What is y(q)?
16
Let c(j) = 3*j**2 + 9*j - 4. Let u(d) = -5*d**2 - 17*d + 7. Let g(h) = -7*c(h) - 4*u(h). Let z(p) = -p**3 + 5*p**2 + 6*p + 4. Let q be z(6). Calculate g(q).
4
Let w(f) = -2*f + 10. Let r(l) = -3*l - 34. Let x be r(-14). Determine w(x).
-6
Let y(k) = 0 - 3 - k + 0 + 3*k. Suppose z - 4*z = -9. Calculate y(z).
3
Suppose 0 = -2*a + 2 + 6. Let q = 7 - a. Let w(b) = b**3 - b**2 + 2*b + 7. Let v(s) = s**3 - s**2 + 3*s + 8. Let l(n) = q*v(n) - 4*w(n). Determine l(0).
-4
Let u(v) = -v**2 - 6*v + 10. Suppose -9 = 3*t - 2*g + 6, -t = -3*g - 2. Determine u(t).
3
Let i(g) = -g**3 + 2*g**2 + 5*g - 3. Let l(y) = y + 4. Let v be l(-4). Let o = v - -3. Calculate i(o).
3
Let k(w) = -14*w - 1. Let c(u) = 29*u + 2. Let r(t) = -3*c(t) - 7*k(t). What is r(-1)?
-10
Let o(z) = -z**2 + z - 8. Let y be 2 - (-3)/((-3)/2). Suppose -3*a - 5*n + 25 = 0, 3*a + n + y = 5. Give o(a).
-8
Let z(d) be the first derivative of 1/2*d**2 + 1/4*d**4 - 4/3*d**3 + 4*d + 3. Give z(3).
-2
Let h(x) = -x**2 - x - 4. Let v(q) = -q**2 - q - 5. Let i(s) = 2*s + 10. Let w be i(-8). Let z(o) = w*h(o) + 5*v(o). Give z(-3).
5
Let h(w) = w**2 + 3*w + 1. Let t be h(-4). Let s(i) = -i**2 + 8*i - 5. Determine s(t).
10
Let g(i) be the third derivative of 7/6*i**3 + 0 + 1/10*i**5 + 1/24*i**4 - i**2 + 0*i + 1/120*i**6. Let d(c) = -c**2 + 12*c + 79. Let v be d(17). What is g(v)?
1
Let z(u) be the third derivative of 0*u - 3*u**2 - 1/2*u**3 + 0 + 1/4*u**4. Give z(2).
9
Suppose 2*y + 5 = g - 2, 9 = y + 2*g. Let m(d) = d**2 + d. Let z(c) = -3*c**2 - 5*c + 1. Let h(x) = y*z(x) - 4*m(x). Suppose 0 = j - 2*j + 1. What is h(j)?
-1
Let j(x) = 55 + 12*x - 14*x - 51. Let s = 2 - -3. Give j(s).
-6
Let f(t) = t - 5. Let l be f(7). Suppose -3 = l*q + 3. Let d(o) = 2*o - 7. Let a(r) = -r + 3. Let b(j) = -9*a(j) - 4*d(j). Calculate b(q).
-2
Suppose -5*b + w + 15 = 1, 2 = -b + 5*w. Suppose 4*a = b*h - 7*h + 8, -h - 22 = -5*a. Let m be 2 - (h - -3) - 0. Let r(p) = -p**2 + p. What is r(m)?
0
Let c(q) be the first derivative of -q**3/3 - q**2 - 4*q - 2. Calculate c(-3).
-7
Let n = 3 - 2. Let v(a) be the second derivative of -a**4/4 + a**3/6 - a**2/2 + 24*a. Calculate v(n).
-3
Let u(k) = k**3 - 6*k**2 + 6*k - 2. Suppose -8 - 2 = -2*h. What is u(h)?
3
Let z(y) be the third derivative of y**6/120 - y**5/10 + y**4/6 + y**3 + 15*y**2. What is z(5)?
1
Let c(t) be the second derivative of -t**6/720 + 7*t**5/120 + t**4/12 + 2*t. Let g(p) be the third derivative of c(p). Give g(0).
7
Let q(k) = -1 - k - 5*k + k + 4 + k**2. Let z be q(4). Let t(a) = -4*a**2. Calculate t(z).
-4
Let b(w) = -w**3 + 6*w**2 - 6*w - 2. Let h(q) = 3*q**3 - 17*q**2 + 17*q + 7. Let p(n) = -17*b(n) - 6*h(n). What is p(0)?
-8
Let u(f) = 3*f**2 + 4*f + 2. Let k be ((-2)/(-5))/(22/(-110)). What is u(k)?
6
Let u(i) = -5 - 7*i + 3*i**2 + 8 + 4*i - i**3. Determine u(3).
-6
Let a(v) = v**3 - 4*v**2 + v - 1. Let t be (-12)/(-10)*(-10)/(-4). Calculate a(t).
-7
Let l(f) be the second derivative of f**3/3 - 104*f. Let x = -1 - 1. What is l(x)?
-4
Let o(i) be the third derivative of -i**5/60 + i**4/4 + 8*i**2. What is o(5)?
5
Let j(r) = -r**2 - 4*r + 4. Let g = 11 + -15. What is j(g)?
4
Let m be (11 - 10)/(2 - 1). Suppose -m = -l + 1. Let u(w) = 2*w**2 - w + 1. Calculate u(l).
7
Let f = 1 + 5. Let y(h) = h**3 - 5*h**2 - 7*h - 2. Give y(f).
-8
Let u(t) = -2*t**2 - 2*t. Suppose -2*a = -4*a. Suppose a = 3*h + h + 8. Calculate u(h).
-4
Let b be (-9)/(-3) + -2 + -2. Let s(d) = -12*d**2 - d. What is s(b)?
-11
Let r(b) be the second derivative of -b**5/20 + b**4/4 + 7*b**3/6 - 5*b**2/2 - 10*b. Determine r(4).
7
Let g(j) = 2*j + 2 + 2*j**3 + 0*j**2 + 2*j**2 - 4*j**3 + 3*j**3. Let t = -6 - -4. Give g(t).
-2
Let l(b) = -2 - 6*b - b + 3*b**2 + 1 + 5. Give l(4).
24
Let a(l) be the second derivative of l + 1/6*l**3 + 0 - 5/2*l**2 + 2/3*l**4 - 1/20*l**5. Determine a(8).
3
Suppose -2*u + 8 = -4*b, 0*b + 5*b = 4*u - 13. Let w(x) be the third derivative of 3*x**4/8 + x**3/6 - 81*x**2 - 2. Calculate w(b).
-8
Let t(j) be the first derivative of j**3/3 + 5*j - 2. Let u(c) be the first derivative of t(c). What is u(3)?
6
Let o(n) = -20*n**3 - 5*n**2 + 8*n. Let j(a) = 7*a**3 + 2*a**2 - 3*a. Let x(q) = 11*j(q) + 4*o(q). Let y(z) = -z**2 - 4*z + 6. Let p be y(-5). Calculate x(p).
-2
Let b(j) = 2*j**2 + j + 11*j - 6*j. What is b(-4)?
8
Let r(k) = 3*k**3 + 35*k**2 - 3*k + 9. Let g(q) = q**3 + 12*q**2 - q + 3. Let c(t) = -17*g(t) + 6*r(t). Determine c(-6).
9
Suppose 2*i = 1 - 9. Let g(m) be the first derivative of -m**3/3 - m**2/2 + m + 2. What is g(i)?
-11
Let f(s) = s**3 - 7*s**2 + 8*s - 9. Let m be f(6). Let t(h) = h**3 - 2*h**2 - 3*h + 2. What is t(m)?
2
Let b(s) = -5*s. Let d(w) = w + 5. Let n be d(-5). Suppose -5*y + 18 = -3*u, 4*y - 2*y - 2*u - 8 = n. Suppose 0 = -5*p + 2 + y. Calculate b(p).
-5
Let h(b) be the second derivative of b**6/120 + b**5/15 + b**4/24 + 3*b**2/2 - 2*b. Let w(k) be the first derivative of h(k). What is w(-4)?
-4
Let n be -2 - (0 - (7 + -3)). Let p(w) = -2 + 7 - 2*w + 5*w**2 + n + 0 - w**3. What is p(5)?
-3
Let o(p) = -2*p**2 - 2*p + 5 - 6 + p. Let s(l) = -l**2. Let r be s(2). Let h = 2 + r. Determine o(h).
-7
Let m(v) be the first derivative of -v**2 - 1/6*v**3 - 2 + 0*v - 1/60*v**5 - 1/8*v**4. Let k(n) be the second derivative of m(n). Determine k(-2).
1
Let v(m) = -10 - m**2 + 2 + 6. What is v(-2)?
-6
Let x(f) = -18*f**3 + 2*f**2 + 7*f**3 - f - 7*f**3. Give x(1).
-17
Let f(u) = -5*u**2 - 6*u - 3*u**2 + 2 - 7 + 9*u**2. Suppose 0*d = 2*d - 12. Calculate f(d).
-5
Let y(r) be the third derivative of r**5/60 + r**4/8 - 2*r**3/3 + r**2. Let q = -632 - -629. Calculate y(q).
-4
Suppose -z = -0 - 2. Let g(v) be the second derivative of 0 + 3/2*v**2 + z*v + 1/3*v**4 + 0*v**3 - 1/20*v**5. Determine g(4).
3
Let b(w) = -3 - 7*w**2 + 6 - 3*w**3 + 2*w**3 - 8*w - 7. What is b(-5)?
-14
Let x(j) = -j**2 - j - 9. Suppose 0 = -0*h + 2*h + h. Determine x(h).
-9
Let m(n) = -n**2 + 6*n - 5. Suppose -5*c - t + 10 = 2*t, 5*c + 2*t = 5. Let y = 3 - 0. Let d be -10*c/6*y. Calculate m(d).
0
Let k(z) = -z**3 + 6*z**2 - 4. Let w(m) = -2*m**3 + 12*m**2 - m - 9. Let n(h) = 5*k(h) - 2*w(h). Give n(6).
10
Let z(v) = -3*v**3 - 8*v**2 + 2*v + 9. Let a(o) = -7*o**3 - 17*o**2 + 5*o + 19. Let s(y) = 4*a(y) - 9*z(y). Suppose -4*r + 2*r + 8 = 0. Determine s(r).
3
Let w(n) be the first derivative of -n**2/2 - 2*n + 9. Give w(-6).
4
Let p(i) = -564*i**3 + 563*i**3 - 2 - 4*i**2 + 8*i**2. What is p(5)?
-27
Let r(n) = -4*n - 4. Let k(a) = -7*a - 7. Let i(m) = -3*k(m) + 5*r(m). Let t = -11 - -7. Determine i(t).
-3
Suppose -1 - 1 = 5*v - 4*t, 5*v = -3*t - 16. Let y(l) = -2*l**3 + l**2 + 4*l + 3. Determine y(v).
15
Let s(z) = z**3 - z**2 + z. Let u be (-4)/((-4)/(6/3)). Calculate s(u).
6
Let f be (2 - (-1)/(-1)) + 3. Let g be (1*-2)/(f/10). Let l(o) be the third derivative of o**5/60 + 5*o**4/24 - o**3/3 - 4*o**2. What is l(g)?
-2
Let u(g) = -g**3 - 6*g**2 + 4*g + 3. Let r(w) = -w**2 - w + 1. S